s -1111 - 0?
-1111
In base 16, what is 1 + 7?
8
In base 12, what is -3 + -47?
-4a
In base 8, what is 4 + 1260?
1264
In base 10, what is 236 - -2?
238
In base 7, what is -2 - 12?
-14
In base 7, what is -130 + -15?
-145
In base 10, what is 1 + 398?
399
In base 15, what is -2 - -a?
8
In base 10, what is 1 - 56?
-55
In base 16, what is -68 + 0?
-68
In base 11, what is 29 + 67?
95
In base 9, what is -47 + -4?
-52
In base 15, what is 4144 - 4?
4140
In base 9, what is -52 - -5?
-46
In base 9, what is 4 - 251?
-246
In base 3, what is 1020 + 211222?
220012
In base 10, what is 624 + -4?
620
In base 5, what is -23 + -401?
-424
In base 13, what is b + 243?
251
In base 11, what is -1 + -2211?
-2212
In base 16, what is -4 - -33?
2f
In base 4, what is 32011 + 21?
32032
In base 14, what is -4 - 67?
-6b
In base 14, what is -c10 + -1?
-c11
In base 11, what is -162 - -15?
-148
In base 9, what is 5 - -1662?
1667
In base 13, what is -811 + -16?
-827
In base 13, what is -30 + 27?
-6
In base 3, what is -110001 + 12?
-102212
In base 2, what is -1100010011 + 1?
-1100010010
In base 5, what is 1 - -1?
2
In base 14, what is -5 + 147?
142
In base 15, what is 8 - 2?
6
In base 4, what is -1033 + 11?
-1022
In base 9, what is -7 - -5?
-2
In base 7, what is -5 + -1244?
-1252
In base 12, what is -11 + 13?
2
In base 2, what is -1010011100 + 100111?
-1001110101
In base 12, what is -4 + -371?
-375
In base 4, what is 3 + -1220?
-1211
In base 13, what is 7 - 715?
-70b
In base 7, what is 4 + -14?
-10
In base 16, what is 31 - 0?
31
In base 4, what is 110 + -2?
102
In base 4, what is -21201 + 3?
-21132
In base 9, what is -532 - 46?
-578
In base 5, what is 313 + 0?
313
In base 3, what is -1102001111 - -1?
-1102001110
In base 9, what is -11 + 36?
25
In base 13, what is -64 + 14?
-50
In base 4, what is 223232 + -10?
223222
In base 7, what is 11 - -11?
22
In base 10, what is 3065 + 3?
3068
In base 7, what is 314 + -4?
310
In base 7, what is -264 - 2?
-266
In base 16, what is ef0 - 0?
ef0
In base 3, what is 2120 + 2210?
12100
In base 8, what is -1121 + 17?
-1102
In base 5, what is -10 - -10?
0
In base 15, what is 13 + 30d?
321
In base 14, what is -37 + -a?
-43
In base 7, what is 1 + 36?
40
In base 11, what is -604 + 2?
-602
In base 2, what is -11101010 + 10?
-11101000
In base 15, what is -5 - 465?
-46a
In base 10, what is -5 - 2404?
-2409
In base 7, what is -335 + -12?
-350
In base 3, what is 122021202 - 11?
122021121
In base 8, what is 4 + -1706?
-1702
In base 4, what is -111231 + 10?
-111221
In base 12, what is 187 - -2?
189
In base 5, what is -12100 + -2?
-12102
In base 11, what is -7 - -6?
-1
In base 7, what is -134 + -2?
-136
In base 6, what is -5 + -42?
-51
In base 16, what is 4 + 3e?
42
In base 9, what is -25 - -400?
364
In base 16, what is ad + -64?
49
In base 3, what is -20100 - 121?
-20221
In base 12, what is -4 + 34?
30
In base 14, what is 3 - 14?
-11
In base 7, what is -616 + 4?
-612
In base 9, what is 1 + -475?
-474
In base 4, what is -1 + 101303?
101302
In base 3, what is -1110 + 0?
-1110
In base 15, what is -108 + 11?
-e7
In base 12, what is b04 - 0?
b04
In base 8, what is 1003 + 40?
1043
In base 9, what is 32 + 110?
142
In base 10, what is 1880 - -5?
1885
In base 13, what is -19a + -4?
-1a1
In base 11, what is 133 - 6?
128
In base 8, what is -451 - 4?
-455
In base 8, what is -13 - 1?
-14
In base 12, what is -1 + a?
9
In base 12, what is 3 + -66?
-63
In base 15, what is -2 + -61?
-63
In base 11, what is -16 - -504?
499
In base 5, what is 4 - -31?
40
In base 7, what is -12010 + -2?
-12012
In base 10, what is -506 + 1?
-505
In base 13, what is ba - 5?
b5
In base 10, what is 487 + -1?
486
In base 6, what is 30513 + -2?
30511
In base 2, what is -100 + 1000100011?
1000011111
In base 8, what is 5 + 721?
726
In base 2, what is 0 + -110?
-110
In base 4, what is 10 - -1330?
2000
In base 14, what is 427 - 4?
423
In base 8, what is 2 - 777?
-775
In base 3, what is 2 + 200?
202
In base 16, what is -9e + -5?
-a3
In base 11, what is -2 - 331?
-333
In base 14, what is -4 - 21?
-25
In base 8, what is 3 - 1156?
-1153
In base 6, what is 5 + -3400?
-3351
In base 7, what is -26152 - 4?
-26156
In base 11, what is -2 - 111?
-113
In base 13, what is 20 + 31c?
33c
In base 8, what is 1036 - 14?
1022
In base 10, what is 3 - -59?
62
In base 4, what is 11 - 202?
-131
In base 7, what is 0 + 2130?
2130
In base 4, what is 203231 - 2?
203223
In base 5, what is 104231 + 0?
104231
In base 6, what is -1524 + 11?
-1513
In base 6, what is -42 + 3?
-35
In base 16, what is -18 + 0?
-18
In base 12, what is 3b + 8?
47
In base 3, what is 121212 + -101?
121111
In base 13, what is 23 - -6a?
90
In base 7, what is 44 - 40?
4
In base 7, what is 102 + -13?
56
In base 16, what is -2 - -3?
1
In base 13, what is -1 - 3b4?
-3b5
In base 9, what is -35 + 0?
-35
In base 6, what is 311 + 4?
315
In base 2, what is 100010010 - 0?
100010010
In base 11, what is -5 + -216?
-220
In base 8, what is 515 + 102?
617
In base 10, what is 2 + 4613?
4615
In base 16, what is ab + -3a?
71
In base 15, what is -4449 - -3?
-4446
In base 15, what is -1bc7 + -2?
-1bc9
In base 13, what is 3 + -137b?
-1378
In base 10, what is 3 + -872?
-869
In base 2, what is -100010110 + 100?
-100010010
In base 14, what is -40 - 10?
-50
In base 9, what is -6 + 110?
103
In base 8, what is -16 - 10?
-26
In base 3, what is 1001 - -1?
1002
In base 6, what is 21 + -1045?
-1024
In base 10, what is 8 - -49?
57
In base 13, what is -90 + -4?
-94
In base 13, what is 5 - ab?
-a6
In base 15, what is 286 + -13?
273
In base 13, what is 29 - -6?
32
In base 5, what is 10 - 42304?
-42244
In base 10, what is -51 - 71?
-122
In base 16, what is 1 - -1ae?
1af
In base 3, what is 211 + 0?
211
In base 15, what is -142 - -4?
-13d
In base 3, what is 1111012 - -1?
1111020
In base 7, what is 5 - 615?
-610
In base 15, what is -5 - e40?
-e45
In base 5, what is 130313 - -1?
130314
In base 4, what is -210221 - -1?
-210220
In base 5, what is 400 + -13?
332
In base 11, what is 73 + 4?
77
In base 13, what is 1 + 1285?
1286
In base 16, what is -56 + -32?
-88
In base 11, what is -43 - 5?
-48
In base 10, what is 0 - -37?
37
In base 10, what is -2 - 8?
-10
In base 12, what is 2 - 3a56?
-3a54
In base 2, what is -1000 + -10011010?
-10100010
In base 6, what is 4 + 235?
243
In base 5, what is -11124 + -2?
-11131
In base 4, what is -22203212 + -3?
-22203221
In base 2, what is -100001100 - -1?
-100001011
In base 2, what is 1010111 - 100?
1010011
In base 13, what is -c3 - 20?
-113
In base 5, what is 303 + -3?
300
In base 7, what is -3 - 1011?
-1014
In base 7, what is 236 + -5?
231
In base 15, what is 226 - 5?
221
In base 5, what is 3011 - -3?
3014
In base 12, what is 502 - -b?
511
In base 2, what is 100111011 + -101?
100110110
In base 8, what is -66 + 2?
-64
In base 10, what is -143 - -13?
-130
In base 9, what is -1072 + 1?
-1071
In base 14, what is -4 + 55a?
556
In base 14, what is -11 - 11?
-22
In base 8, what is 25 + 11?
36
In base 16, what is -db - -6?
-d5
In base 9, what is -2 + -458?
-461
In base 8, what is -5 - 115?
-122
In base 9, what is 0 - -2608?
2608
In base 2, what is -10000 - 1010111?
-1100111
In base 14, what is 2 + -161?
-15d
In base 9, what is 16 + -23?
-6
In base 11, what is -2 - 82?
-84
In base 13, what is -34 + -4?
-38
In base 10, what is -2 + 28?
26
In base 6, what is 204 + 10?
214
In base 8, what is -1 + 27?
26
In base 11, what is 92 - -1?
93
In base 6, what is 1 + -122?
-121
In base 12, what is -14 + -33?
-47
In base 2, what is -11 + -10100?
-10111
In base 9, what is -15 + 28?
13
In base 5, what is 3333 + 2?
3340
In base 12, what is 7 + -17?
-10
In base 15, what is -2b56 - 4?
-2b5a
In base 2, what is 10011 - -110111?
1001010
In base 11, what is 9 + 70?
79
In base 5, what is -1 + 24320?
24314
In base 12, what is -1 - -79?
78
In base 9, what is 1 - -575?
576
In base 7, what is -25510 - -3?
-25504
In base 12, what is 2b2 - -1?
2b3
In base 6, what is -2 - 15?
-21
In base 7, what is 0 + -560?
-560
In base 8, what is -5 - -4623?
4616
In base 16, what is -15 + -5?
-1a
In base 9, what is 54 - 1?
53
In base 6, what is -3 - 3304?
-3311
In base 10, what is 33 - -25?
58
In base 14, what is 4 + 16a?
170
In base 10, what is -4 + 2683?
2679
In base 14, what is -5 - 1ad?
-1b4
In base 7, what is -6 - -4